{"id":72,"date":"2023-03-17T11:58:49","date_gmt":"2023-03-17T10:58:49","guid":{"rendered":"https:\/\/joyeuxplomberie.fr\/?page_id=72"},"modified":"2023-08-30T16:04:00","modified_gmt":"2023-08-30T14:04:00","slug":"depannage","status":"publish","type":"page","link":"https:\/\/joyeuxplomberie.fr\/?page_id=72","title":{"rendered":"DEPANNAGE"},"content":{"rendered":"<style>.kb-row-layout-id_2453a3-00 > .kt-row-column-wrap{align-content:center;}:where(.kb-row-layout-id_2453a3-00 > .kt-row-column-wrap) > .wp-block-kadence-column{justify-content:center;}.kb-row-layout-id_2453a3-00 > .kt-row-column-wrap{column-gap:var(--global-kb-gap-md, 2rem);row-gap:var(--global-kb-gap-md, 2rem);max-width:1139px;margin-left:auto;margin-right:auto;padding-top:80px;padding-bottom:100px;grid-template-columns:minmax(0, calc(45% - ((var(--global-kb-gap-md, 2rem) * 1 )\/2))) minmax(0, calc(55% - ((var(--global-kb-gap-md, 2rem) * 1 )\/2)));}.kb-row-layout-id_2453a3-00{background-color:#ea5959;}.kb-row-layout-id_2453a3-00 > .kt-row-layout-overlay{opacity:1;background:linear-gradient(13deg, #fadb5f 55%, #f7c948 55%);}.kb-row-layout-id_2453a3-00 .kt-row-layout-bottom-sep{height:100px;}.kb-row-layout-id_2453a3-00 .kt-row-layout-bottom-sep svg{width:100%;}.kb-row-layout-id_2453a3-00 .kt-row-layout-bottom-sep svg{fill:#ffffff!important;}.kb-row-layout-id_2453a3-00 .kt-row-layout-top-sep{height:56px;}.kb-row-layout-id_2453a3-00 .kt-row-layout-top-sep svg{fill:#ffffff!important;}@media all and (max-width: 1024px){.kb-row-layout-id_2453a3-00 > .kt-row-column-wrap{grid-template-columns:repeat(2, minmax(0, 1fr));}}@media all and (max-width: 1024px){.kb-row-layout-id_2453a3-00 .kt-row-layout-bottom-sep{height:px;}}@media all and (max-width: 1024px){.kb-row-layout-id_2453a3-00 .kt-row-layout-bottom-sep svg{width:%;}}@media all and (max-width: 767px){.kb-row-layout-id_2453a3-00 > .kt-row-column-wrap{grid-template-columns:minmax(0, 1fr);}.kb-row-layout-id_2453a3-00 > .kt-row-column-wrap > .wp-block-kadence-column:nth-child(1){order:2;}.kb-row-layout-id_2453a3-00 > .kt-row-column-wrap > .wp-block-kadence-column:nth-child(2){order:1;}.kb-row-layout-id_2453a3-00 > .kt-row-column-wrap > .wp-block-kadence-column:nth-child(3){order:12;}.kb-row-layout-id_2453a3-00 > .kt-row-column-wrap > .wp-block-kadence-column:nth-child(4){order:11;}.kb-row-layout-id_2453a3-00 > .kt-row-column-wrap > .wp-block-kadence-column:nth-child(5){order:22;}.kb-row-layout-id_2453a3-00 > .kt-row-column-wrap > .wp-block-kadence-column:nth-child(6){order:21;}.kb-row-layout-id_2453a3-00 > .kt-row-column-wrap > .wp-block-kadence-column:nth-child(7){order:32;}.kb-row-layout-id_2453a3-00 > .kt-row-column-wrap > .wp-block-kadence-column:nth-child(8){order:31;}.kb-row-layout-id_2453a3-00 .kt-row-layout-bottom-sep{height:px;}.kb-row-layout-id_2453a3-00 .kt-row-layout-bottom-sep svg{width:%;}}<\/style><div class=\"kb-row-layout-wrap kb-row-layout-id_2453a3-00 alignfull kt-row-has-bg wp-block-kadence-rowlayout\"><div class=\"kt-row-layout-overlay kt-row-overlay-gradient\"><\/div><div class=\"kt-row-layout-top-sep kt-row-sep-type-waves\"><svg viewBox=\"0 0 1000 100\" preserveAspectRatio=\"none\"><path d=\"M1000,40c0,0 -120.077,-38.076 -250,-38c-129.923,0.076 -345.105,78 -500,78c-154.895,0 -250,-30 -250,-30l0,50l1000,0l0,-60Z\" \/><path d=\"M1000,40c0,0 -120.077,-38.076 -250,-38c-129.923,0.076 -345.105,73 -500,73c-154.895,0 -250,-45 -250,-45l0,70l1000,0l0,-60Z\" style=\"opacity: 0.4\" \/><path d=\"M1000,40c0,0 -120.077,-38.076 -250,-38c-129.923,0.076 -345.105,68 -500,68c-154.895,0 -250,-65 -250,-65l0,95l1000,0l0,-60Z\" style=\"opacity: 0.4\" \/><\/svg><\/div><div class=\"kt-row-layout-bottom-sep kt-row-sep-type-crvri\"><svg viewBox=\"0 0 1000 100\" preserveAspectRatio=\"none\"><path d=\"M1000,0c0,0 -120.987,98 -350,98c-229.013,0 -650,-98 -650,-98l0,100l1000,0l0,-100Z\" \/><\/svg><\/div><div class=\"kt-row-column-wrap kt-has-2-columns kt-row-layout-equal kt-tab-layout-equal kt-mobile-layout-row kt-row-valign-middle\">\n<style>.kadence-column_84ec52-24 > .kt-inside-inner-col,.kadence-column_84ec52-24 > .kt-inside-inner-col:before{border-top-left-radius:0px;border-top-right-radius:0px;border-bottom-right-radius:0px;border-bottom-left-radius:0px;}.kadence-column_84ec52-24 > .kt-inside-inner-col{column-gap:var(--global-kb-gap-sm, 1rem);}.kadence-column_84ec52-24 > .kt-inside-inner-col{flex-direction:column;}.kadence-column_84ec52-24 > .kt-inside-inner-col > .aligncenter{width:100%;}.kadence-column_84ec52-24 > .kt-inside-inner-col:before{opacity:0.3;}.kadence-column_84ec52-24{text-align:left;}.kadence-column_84ec52-24{position:relative;}@media all and (max-width: 1024px){.kadence-column_84ec52-24 > .kt-inside-inner-col{flex-direction:column;}}@media all and (max-width: 767px){.kadence-column_84ec52-24{text-align:center;}.kadence-column_84ec52-24 > .kt-inside-inner-col{flex-direction:column;}}<\/style>\n<div class=\"wp-block-kadence-column kadence-column_84ec52-24 inner-column-1\"><div class=\"kt-inside-inner-col\"><style>.wp-block-kadence-advancedheading.kt-adv-heading_2d4a5e-b4, .wp-block-kadence-advancedheading.kt-adv-heading_2d4a5e-b4[data-kb-block=\"kb-adv-heading_2d4a5e-b4\"]{margin-top:0px;margin-bottom:10px;font-size:70px;line-height:70px;font-weight:700;font-style:normal;font-family:Montserrat;color:#243b53;}.wp-block-kadence-advancedheading.kt-adv-heading_2d4a5e-b4 mark, .wp-block-kadence-advancedheading.kt-adv-heading_2d4a5e-b4[data-kb-block=\"kb-adv-heading_2d4a5e-b4\"] mark{font-style:normal;color:#f76a0c;padding-top:0px;padding-right:0px;padding-bottom:0px;padding-left:0px;}@media all and (max-width: 767px){.wp-block-kadence-advancedheading.kt-adv-heading_2d4a5e-b4, .wp-block-kadence-advancedheading.kt-adv-heading_2d4a5e-b4[data-kb-block=\"kb-adv-heading_2d4a5e-b4\"]{font-size:50px;line-height:60px;}}<\/style>\n<h2 class=\"kt-adv-heading_2d4a5e-b4 wp-block-kadence-advancedheading\" data-kb-block=\"kb-adv-heading_2d4a5e-b4\">DEPANNAGE<\/h2>\n\n\n\n<div style=\"height:23px\" aria-hidden=\"true\" class=\"wp-block-spacer\"><\/div>\n\n\n\n<p>Nous intervenons en d\u00e9pannage sur vos installation de plomberie, chauffage, climatisation, pompes \u00e0 chaleur.<\/p>\n\n\n\n<ul>\n<li>D\u00e9pannage sur vos installations de chauffage : chaudi\u00e8re fioul, gaz, pompes \u00e0 chaleur toutes marques ect..<\/li>\n\n\n\n<li>Remplacement chauffe-eau \u00e9lectrique<\/li>\n\n\n\n<li>D\u00e9pannage chauffe eau thermodynamique<\/li>\n\n\n\n<li>D\u00e9pannage sur vos installations de plomberie : remplacement robinet, joint, m\u00e9canisme de chasse d&rsquo;eau<\/li>\n\n\n\n<li>R\u00e9paration fuite sur vos installations en cuivre, plomb, PER, ect..<\/li>\n<\/ul>\n\n\n<style>.wp-block-kadence-advancedbtn.kb-btns_8f6f87-4e{gap:15px;justify-content:flex-start;align-items:center;}.kt-btns_8f6f87-4e .kt-button{font-weight:normal;font-style:normal;}@media all and (max-width: 767px){.wp-block-kadence-advancedbtn.kb-btns_8f6f87-4e{justify-content:center;}}<\/style>\n<div class=\"wp-block-kadence-advancedbtn kb-buttons-wrap kb-btns_8f6f87-4e\"><style>ul.menu .wp-block-kadence-advancedbtn .kb-btn_04a599-05.kb-button{width:initial;}.wp-block-kadence-advancedbtn .kb-btn_04a599-05.kb-button{color:#ffffff;background:#243b53;font-size:16px;font-family:Montserrat;font-weight:600;border-top-color:#243b53;border-top-style:solid;border-right-color:#243b53;border-right-style:solid;border-bottom-color:#243b53;border-bottom-style:solid;border-left-color:#243b53;border-left-style:solid;}.wp-block-kadence-advancedbtn .kb-btn_04a599-05.kb-button:hover{color:#ffffff;background:#334e68;border-top-color:#334e68;border-top-style:solid;border-right-color:#334e68;border-right-style:solid;border-bottom-color:#334e68;border-bottom-style:solid;border-left-color:#334e68;border-left-style:solid;}@media all and (max-width: 1024px){.wp-block-kadence-advancedbtn .kb-btn_04a599-05.kb-button{border-top-color:#243b53;border-top-style:solid;border-right-color:#243b53;border-right-style:solid;border-bottom-color:#243b53;border-bottom-style:solid;border-left-color:#243b53;border-left-style:solid;}}@media all and (max-width: 1024px){.wp-block-kadence-advancedbtn .kb-btn_04a599-05.kb-button:hover{border-top-color:#334e68;border-top-style:solid;border-right-color:#334e68;border-right-style:solid;border-bottom-color:#334e68;border-bottom-style:solid;border-left-color:#334e68;border-left-style:solid;}}@media all and (max-width: 1024px){.kb-btn_04a599-05.kb-button .kb-svg-icon-wrap{display:block;}}@media all and (max-width: 767px){.wp-block-kadence-advancedbtn .kb-btn_04a599-05.kb-button{border-top-color:#243b53;border-top-style:solid;border-right-color:#243b53;border-right-style:solid;border-bottom-color:#243b53;border-bottom-style:solid;border-left-color:#243b53;border-left-style:solid;}.wp-block-kadence-advancedbtn .kb-btn_04a599-05.kb-button:hover{border-top-color:#334e68;border-top-style:solid;border-right-color:#334e68;border-right-style:solid;border-bottom-color:#334e68;border-bottom-style:solid;border-left-color:#334e68;border-left-style:solid;}}<\/style><a class=\"kb-button kt-button button kb-btn_04a599-05 kt-btn-size-standard kt-btn-width-type-auto kb-btn-global-outline kt-btn-has-text-true kt-btn-has-svg-true wp-block-kadence-singlebtn\" href=\"https:\/\/joyeuxplomberie.fr\/?page_id=15\"><span class=\"kt-btn-inner-text\">CONTACTEZ NOUS<\/span><span class=\"kb-svg-icon-wrap kb-svg-icon-fe_mail kt-btn-icon-side-right\"><svg viewBox=\"0 0 24 24\"  fill=\"none\" stroke=\"currentColor\" stroke-width=\"2\" stroke-linecap=\"round\" stroke-linejoin=\"round\" xmlns=\"http:\/\/www.w3.org\/2000\/svg\"  aria-hidden=\"true\"><path d=\"M4 4h16c1.1 0 2 .9 2 2v12c0 1.1-.9 2-2 2H4c-1.1 0-2-.9-2-2V6c0-1.1.9-2 2-2z\"\/><polyline points=\"22,6 12,13 2,6\"\/><\/svg><\/span><\/a><\/div>\n<\/div><\/div>\n\n\n<style>.kadence-column_5ee31e-b7 > .kt-inside-inner-col,.kadence-column_5ee31e-b7 > .kt-inside-inner-col:before{border-top-left-radius:0px;border-top-right-radius:0px;border-bottom-right-radius:0px;border-bottom-left-radius:0px;}.kadence-column_5ee31e-b7 > .kt-inside-inner-col{column-gap:var(--global-kb-gap-sm, 1rem);}.kadence-column_5ee31e-b7 > .kt-inside-inner-col{flex-direction:column;}.kadence-column_5ee31e-b7 > .kt-inside-inner-col > .aligncenter{width:100%;}.kadence-column_5ee31e-b7 > .kt-inside-inner-col:before{opacity:0.3;}.kadence-column_5ee31e-b7{position:relative;}@media all and (max-width: 1024px){.kadence-column_5ee31e-b7 > .kt-inside-inner-col{flex-direction:column;}}@media all and (max-width: 767px){.kadence-column_5ee31e-b7 > .kt-inside-inner-col{flex-direction:column;}}<\/style>\n<div class=\"wp-block-kadence-column kadence-column_5ee31e-b7 inner-column-2\"><div class=\"kt-inside-inner-col\"><div class=\"wp-block-image\">\n<figure class=\"alignright size-large is-resized\"><img loading=\"lazy\" decoding=\"async\" src=\"http:\/\/joyeuxplomberie.fr\/wp-content\/uploads\/2023\/08\/DSC_0279-683x1024.jpg\" alt=\"\" class=\"wp-image-246\" width=\"328\" height=\"492\" srcset=\"https:\/\/joyeuxplomberie.fr\/wp-content\/uploads\/2023\/08\/DSC_0279-683x1024.jpg 683w, https:\/\/joyeuxplomberie.fr\/wp-content\/uploads\/2023\/08\/DSC_0279-200x300.jpg 200w, https:\/\/joyeuxplomberie.fr\/wp-content\/uploads\/2023\/08\/DSC_0279-768x1152.jpg 768w, https:\/\/joyeuxplomberie.fr\/wp-content\/uploads\/2023\/08\/DSC_0279-1024x1536.jpg 1024w, https:\/\/joyeuxplomberie.fr\/wp-content\/uploads\/2023\/08\/DSC_0279-1365x2048.jpg 1365w, https:\/\/joyeuxplomberie.fr\/wp-content\/uploads\/2023\/08\/DSC_0279-scaled.jpg 1707w\" sizes=\"(max-width: 328px) 100vw, 328px\" \/><\/figure><\/div><\/div><\/div>\n\n<\/div><\/div>\n\n<style>.kb-row-layout-id_4ec750-b6 > .kt-row-column-wrap{align-content:start;}:where(.kb-row-layout-id_4ec750-b6 > .kt-row-column-wrap) > .wp-block-kadence-column{justify-content:start;}.kb-row-layout-id_4ec750-b6 > .kt-row-column-wrap{column-gap:var(--global-kb-gap-md, 2rem);row-gap:var(--global-kb-gap-md, 2rem);padding-top:var(--global-kb-spacing-sm, 1.5rem);padding-bottom:var(--global-kb-spacing-sm, 1.5rem);grid-template-columns:minmax(0, 1fr);}.kb-row-layout-id_4ec750-b6 > .kt-row-layout-overlay{opacity:0.30;}@media all and (max-width: 1024px){.kb-row-layout-id_4ec750-b6 > .kt-row-column-wrap{grid-template-columns:minmax(0, 1fr);}}@media all and (max-width: 767px){.kb-row-layout-id_4ec750-b6 > .kt-row-column-wrap{grid-template-columns:minmax(0, 1fr);}}<\/style><div class=\"kb-row-layout-wrap kb-row-layout-id_4ec750-b6 alignnone wp-block-kadence-rowlayout\"><div class=\"kt-row-column-wrap kt-has-1-columns kt-row-layout-equal kt-tab-layout-inherit kt-mobile-layout-row kt-row-valign-top\">\n<style>.kadence-column_d58cc9-fd > .kt-inside-inner-col,.kadence-column_d58cc9-fd > .kt-inside-inner-col:before{border-top-left-radius:0px;border-top-right-radius:0px;border-bottom-right-radius:0px;border-bottom-left-radius:0px;}.kadence-column_d58cc9-fd > .kt-inside-inner-col{column-gap:var(--global-kb-gap-sm, 1rem);}.kadence-column_d58cc9-fd > .kt-inside-inner-col{flex-direction:column;}.kadence-column_d58cc9-fd > .kt-inside-inner-col > .aligncenter{width:100%;}.kadence-column_d58cc9-fd > .kt-inside-inner-col:before{opacity:0.3;}.kadence-column_d58cc9-fd{position:relative;}@media all and (max-width: 1024px){.kadence-column_d58cc9-fd > .kt-inside-inner-col{flex-direction:column;}}@media all and (max-width: 767px){.kadence-column_d58cc9-fd > .kt-inside-inner-col{flex-direction:column;}}<\/style>\n<div class=\"wp-block-kadence-column kadence-column_d58cc9-fd\"><div class=\"kt-inside-inner-col\"><style>.wp-block-kadence-advancedheading.kt-adv-heading_f8e5dd-01, .wp-block-kadence-advancedheading.kt-adv-heading_f8e5dd-01[data-kb-block=\"kb-adv-heading_f8e5dd-01\"]{text-align:center;font-style:normal;}.wp-block-kadence-advancedheading.kt-adv-heading_f8e5dd-01 mark, .wp-block-kadence-advancedheading.kt-adv-heading_f8e5dd-01[data-kb-block=\"kb-adv-heading_f8e5dd-01\"] mark{font-style:normal;color:#f76a0c;padding-top:0px;padding-right:0px;padding-bottom:0px;padding-left:0px;}<\/style>\n<h1 class=\"kt-adv-heading_f8e5dd-01 wp-block-kadence-advancedheading\" data-kb-block=\"kb-adv-heading_f8e5dd-01\">UN SERVICE DE DEPANNAGE<\/h1>\n\n\n<style>.wp-block-kadence-iconlist.kt-svg-icon-list-items_6203f2-fb:not(.this-stops-third-party-issues){margin-top:0px;margin-bottom:0px;}.wp-block-kadence-iconlist.kt-svg-icon-list-items_6203f2-fb ul.kt-svg-icon-list:not(.this-prevents-issues):not(.this-stops-third-party-issues):not(.tijsloc){margin-top:0px;margin-right:0px;margin-bottom:var(--global-kb-spacing-sm, 1.5rem);margin-left:0px;column-gap:172px;}.wp-block-kadence-iconlist.kt-svg-icon-list-items_6203f2-fb ul.kt-svg-icon-list{grid-row-gap:7px;}.wp-block-kadence-iconlist.kt-svg-icon-list-items_6203f2-fb ul.kt-svg-icon-list .kt-svg-icon-list-item-wrap .kt-svg-icon-list-single{margin-right:31px;}.kt-svg-icon-list-items_6203f2-fb ul.kt-svg-icon-list .kt-svg-icon-list-item-wrap, .kt-svg-icon-list-items_6203f2-fb ul.kt-svg-icon-list .kt-svg-icon-list-item-wrap a{letter-spacing:11.8px;}.kt-svg-icon-list-items_6203f2-fb ul.kt-svg-icon-list .kt-svg-icon-list-level-0 .kt-svg-icon-list-single svg{font-size:20px;}@media all and (min-width: 1025px){.wp-block-kadence-iconlist.kt-svg-icon-list-items_6203f2-fb:not(.kt-svg-icon-list-columns-1) ul.kt-svg-icon-list .kt-svg-icon-list-item-wrap:not(:last-child){margin:0px;}}@media all and (min-width: 768px) and (max-width: 1024px){.wp-block-kadence-iconlist.kt-svg-icon-list-items_6203f2-fb:not(.kt-tablet-svg-icon-list-columns-1) ul.kt-svg-icon-list .kt-svg-icon-list-item-wrap:not(:last-child){margin:0px;}}@media all and (max-width: 767px){.wp-block-kadence-iconlist.kt-svg-icon-list-items_6203f2-fb:not(.kt-mobile-svg-icon-list-columns-1) ul.kt-svg-icon-list .kt-svg-icon-list-item-wrap:not(:last-child){margin:0px;}}<\/style>\n<div class=\"wp-block-kadence-iconlist kt-svg-icon-list-items kt-svg-icon-list-items_6203f2-fb kt-svg-icon-list-columns-3 alignnone\"><ul class=\"kt-svg-icon-list\"><style>.kt-svg-icon-list-item-_156640-29 .kt-svg-icon-list-single{font-size:20px !important;}<\/style>\n<li class=\"wp-block-kadence-listitem kt-svg-icon-list-item-wrap kt-svg-icon-list-item-_156640-29\"><span class=\"kb-svg-icon-wrap kb-svg-icon-fe_checkCircle kt-svg-icon-list-single\"><svg viewBox=\"0 0 24 24\"  fill=\"none\" stroke=\"currentColor\" stroke-width=\"2\" stroke-linecap=\"round\" stroke-linejoin=\"round\" xmlns=\"http:\/\/www.w3.org\/2000\/svg\"  aria-hidden=\"true\"><path d=\"M22 11.08V12a10 10 0 1 1-5.93-9.14\"\/><polyline points=\"22 4 12 14.01 9 11.01\"\/><\/svg><\/span><span class=\"kt-svg-icon-list-text\"><strong>RAPIDE<\/strong><\/span><\/li>\n\n\n<style>.kt-svg-icon-list-item-_da45e0-6c .kt-svg-icon-list-single{font-size:20px !important;}<\/style>\n<li class=\"wp-block-kadence-listitem kt-svg-icon-list-item-wrap kt-svg-icon-list-item-_da45e0-6c\"><span class=\"kb-svg-icon-wrap kb-svg-icon-fe_checkCircle kt-svg-icon-list-single\"><svg viewBox=\"0 0 24 24\"  fill=\"none\" stroke=\"currentColor\" stroke-width=\"2\" stroke-linecap=\"round\" stroke-linejoin=\"round\" xmlns=\"http:\/\/www.w3.org\/2000\/svg\"  aria-hidden=\"true\"><path d=\"M22 11.08V12a10 10 0 1 1-5.93-9.14\"\/><polyline points=\"22 4 12 14.01 9 11.01\"\/><\/svg><\/span><span class=\"kt-svg-icon-list-text\"><strong>COMPETANT<\/strong><\/span><\/li>\n\n\n<style>.kt-svg-icon-list-item-_256756-d0 .kt-svg-icon-list-single{font-size:20px !important;}<\/style>\n<li class=\"wp-block-kadence-listitem kt-svg-icon-list-item-wrap kt-svg-icon-list-item-_256756-d0\"><span class=\"kb-svg-icon-wrap kb-svg-icon-fe_checkCircle kt-svg-icon-list-single\"><svg viewBox=\"0 0 24 24\"  fill=\"none\" stroke=\"currentColor\" stroke-width=\"2\" stroke-linecap=\"round\" stroke-linejoin=\"round\" xmlns=\"http:\/\/www.w3.org\/2000\/svg\"  aria-hidden=\"true\"><path d=\"M22 11.08V12a10 10 0 1 1-5.93-9.14\"\/><polyline points=\"22 4 12 14.01 9 11.01\"\/><\/svg><\/span><span class=\"kt-svg-icon-list-text\"><strong>EFFICACE<\/strong><\/span><\/li>\n<\/ul><\/div>\n<\/div><\/div>\n\n<\/div><\/div>\n\n\n<p class=\"has-text-align-center\"><strong>JOYEUX PLOMBERIE<\/strong> assure des\u00a0<strong>solutions adapt\u00e9es aux besoins de nos clients et garantit rapidit\u00e9 et satisfaction des travaux r\u00e9alis\u00e9s.<\/strong><\/p>\n\n\n\n<p class=\"has-text-align-center\">Nous veillons en effet \u00e0 ce que chaque client, particulier ou professionnel, trouve dans l\u2019intervention de plomberie et\/ou chauffage \u00e0 son domicile ou lieu de travail, la r\u00e9ponse adapt\u00e9e \u00e0 ses besoins. La satisfaction de nos clients est notre priorit\u00e9. La rapidit\u00e9 et la qualit\u00e9 de nos interventions sont nos objectifs.<\/p>\n","protected":false},"excerpt":{"rendered":"<p>DEPANNAGE Nous intervenons en d\u00e9pannage sur vos installation de plomberie, chauffage, climatisation, pompes \u00e0 chaleur. UN SERVICE DE DEPANNAGE JOYEUX PLOMBERIE assure des\u00a0solutions adapt\u00e9es aux besoins de nos clients et garantit rapidit\u00e9 et satisfaction des travaux r\u00e9alis\u00e9s. Nous veillons en effet \u00e0 ce que chaque client, particulier ou professionnel, trouve dans l\u2019intervention de plomberie et\/ou&#8230;<\/p>\n","protected":false},"author":1,"featured_media":0,"parent":0,"menu_order":0,"comment_status":"closed","ping_status":"closed","template":"","meta":{"_kadence_starter_templates_imported_post":false,"_kad_post_transparent":"disable","_kad_post_title":"hide","_kad_post_layout":"fullwidth","_kad_post_sidebar_id":"","_kad_post_content_style":"","_kad_post_vertical_padding":"","_kad_post_feature":"","_kad_post_feature_position":"","_kad_post_header":false,"_kad_post_footer":false,"footnotes":""},"aioseo_notices":[],"_links":{"self":[{"href":"https:\/\/joyeuxplomberie.fr\/index.php?rest_route=\/wp\/v2\/pages\/72"}],"collection":[{"href":"https:\/\/joyeuxplomberie.fr\/index.php?rest_route=\/wp\/v2\/pages"}],"about":[{"href":"https:\/\/joyeuxplomberie.fr\/index.php?rest_route=\/wp\/v2\/types\/page"}],"author":[{"embeddable":true,"href":"https:\/\/joyeuxplomberie.fr\/index.php?rest_route=\/wp\/v2\/users\/1"}],"replies":[{"embeddable":true,"href":"https:\/\/joyeuxplomberie.fr\/index.php?rest_route=%2Fwp%2Fv2%2Fcomments&post=72"}],"version-history":[{"count":7,"href":"https:\/\/joyeuxplomberie.fr\/index.php?rest_route=\/wp\/v2\/pages\/72\/revisions"}],"predecessor-version":[{"id":249,"href":"https:\/\/joyeuxplomberie.fr\/index.php?rest_route=\/wp\/v2\/pages\/72\/revisions\/249"}],"wp:attachment":[{"href":"https:\/\/joyeuxplomberie.fr\/index.php?rest_route=%2Fwp%2Fv2%2Fmedia&parent=72"}],"curies":[{"name":"wp","href":"https:\/\/api.w.org\/{rel}","templated":true}]}}